ose 4*d = 5*q - 17, -5*q - 2 = -5*d - 17. What is the highest common divisor of d and u?
2
Let a = 5 + 12. Calculate the highest common factor of 85 and a.
17
Let b(c) = -c**3 + 16*c**2 + 24*c - 14. Let s be b(17). What is the highest common factor of s and 35?
35
Suppose 5*y - 10 = 0, -2*y + 1 - 7 = -o. What is the greatest common factor of 110 and o?
10
Suppose -5*p - 5 = -0. Let b = p - -1. Suppose -40 = -2*n - b*n. Calculate the greatest common divisor of 5 and n.
5
Let o be (-4)/(-14) + (-4)/14. Suppose -3*b + 0*b = 4*s - 26, o = -2*b + 3*s - 11. Calculate the highest common divisor of b and 22.
2
Let p be (-6)/(-3) + 3 - 4. Let l be p - 3 - -6 - -146. Calculate the highest common divisor of 30 and l.
30
Let t(s) = s**3 - 3*s**2 + 3*s + 7. Let b be t(5). What is the highest common factor of 9 and b?
9
Let v(f) = -f + 2*f + 7 + 0. Let y be v(-7). Let z(q) = q**2 + 36. Let r be z(y). Calculate the highest common divisor of 9 and r.
9
Let k(i) = -i**3 + 11. Let z be k(0). Suppose 0 = 9*p - 8*p - 1. What is the greatest common divisor of z and p?
1
Suppose 3*y + 6 = y. Let j be y*5*10/(-3). Let l = 64 - 44. Calculate the highest common factor of l and j.
10
Let u = 205 - 113. Calculate the greatest common factor of u and 46.
46
Let s = 20 + -11. Let z = s - 6. Let a be (z/(-6))/((-1)/4). What is the highest common divisor of a and 10?
2
Let s(h) = h + 9. Let i be s(-9). Suppose 3*j + 2*j - 5*x - 255 = i, 3*j = -x + 165. Calculate the greatest common factor of j and 6.
6
Let h be (-66)/(-55)*(-5)/(-2). Suppose 9 = h*b - 18. Calculate the highest common divisor of b and 27.
9
Suppose 2*a - 4*j = 160, a - 2*a + 3*j = -80. What is the highest common divisor of a and 16?
16
Let z(k) = 20*k - 12. Let r be z(3). What is the greatest common divisor of r and 16?
16
Suppose -3*r + 27 = -0*r. Let p be 430/3 + (-3)/r. What is the highest common divisor of p and 13?
13
Suppose 0*h - 5*h = -60. Suppose -5*k = -k - h. Suppose 4*u = -v + 2*u - 7, k*v + 5*u = -16. Calculate the greatest common factor of v and 3.
3
Let v = 17 - 9. Let q(c) = v + 0 - 3*c**2 - 1 + 5*c**2 + 4*c. Let h be q(-6). What is the greatest common factor of 5 and h?
5
Let h = 145 - 100. Calculate the greatest common divisor of h and 9.
9
Suppose -2*m + 45 + 35 = 0. What is the highest common factor of m and 5?
5
Let w be 610/14 + (6/14)/1. What is the greatest common divisor of w and 11?
11
Suppose 0 = 3*p - 5*r - 3 - 49, -3*p - 2*r = -59. Calculate the greatest common divisor of p and 19.
19
Let y(d) = -d**3 - 9*d**2 - 13*d - 20. Let n be y(-8). Calculate the highest common divisor of n and 8.
4
Suppose 0 = 3*p + 27 - 93. Calculate the greatest common factor of p and 44.
22
Let f be (-5)/((-5)/(-2)) - -6. Suppose -f*h - 3*b - 3 + 2 = 0, -2*h = 3*b + 5. What is the highest common factor of h and 10?
2
Let r(i) = i**2 - 3*i - 1. Let w be r(-3). Let v(h) = 10*h**2 - 15 + w*h**2 + 16. Let g be v(1). What is the greatest common divisor of 42 and g?
14
Suppose -f + 40 = 28. Suppose 0 = 3*l + 5 + 31. Let y = -6 - l. What is the greatest common divisor of y and f?
6
Suppose -k - 33 = -0*u - 3*u, -5*u + 57 = -k. What is the highest common divisor of u and 132?
12
Let g(z) = z**3 - z**2 - 2*z + 3. Let j be g(2). Let m be (6/(-4))/(j/(-6)). What is the highest common factor of m and 33?
3
Let o = 56 - -428. Calculate the greatest common divisor of 44 and o.
44
Let y = 8 - 4. Suppose -4*k - 5*t = -40, -y*k + 47 = t - 9. Let l be (-2)/8 + 50/8. What is the greatest common factor of k and l?
3
Let t = -73 + 85. What is the greatest common factor of 48 and t?
12
Let f = 2 - -14. Let q be f/56 - (-152)/7. What is the highest common factor of q and 44?
22
Suppose 6 = -3*s + 15. Suppose 0 = -s*h - 13 + 55. What is the greatest common factor of 28 and h?
14
Let h(o) = -o**2 + 0*o**2 + 17 + 11 + o. Let f = 13 - 13. Let l be h(f). What is the greatest common factor of 7 and l?
7
Suppose 0 = -3*b + 3*f + 54, 5*b - 77 = 2*f + 19. What is the highest common factor of 20 and b?
20
Let i be (-25)/(-9) + (-6)/(-27). Suppose 0*c - i*c - 5*p + 92 = 0, -2*p = 3*c - 80. Calculate the greatest common divisor of 3 and c.
3
Suppose -4*a = -4, c - 2*a + 92 - 345 = 0. What is the highest common factor of c and 15?
15
Let b(n) = 3*n - 31. Let k be b(11). Calculate the greatest common factor of k and 16.
2
Let z be (88/14)/((-14)/(-49)). Calculate the highest common divisor of z and 176.
22
Let i be ((-96)/20)/((-6)/20). Let r = 27 - i. What is the highest common factor of 99 and r?
11
Let d be (120/(-9))/(1/(-3)). Let f be d/(-6)*54/(-15). What is the highest common factor of 6 and f?
6
Let s(j) = -8*j. Let f be 2/(-3) + 2/(-6). Let q be s(f). Calculate the highest common divisor of q and 8.
8
Let r(z) = z**3 - 4*z**2 + 4*z + 4. Let l be r(4). Let n = l + -12. Let o(j) = -9*j - 4. Let h be o(-4). What is the highest common divisor of n and h?
8
Let r = -19 - -28. Let g = 29 - r. Let f = 16 + -11. Calculate the highest common factor of f and g.
5
Let n be (80/28)/(6/21). Suppose 2*h + 3*h = n. Let t(w) = 65*w. Let m be t(h). What is the greatest common divisor of 26 and m?
26
Let m = 14 + -5. Let u = -22 - -16. Let d(p) = 2*p**2 + 4*p - 3. Let s be d(u). What is the greatest common divisor of s and m?
9
Let b be (-351)/(-21) - 4/(-14). Let l = b + -9. Suppose 0 = -3*n + 5*m + 48, -32 = -n - n - 5*m. Calculate the highest common factor of l and n.
8
Let d = -116 - -330. Suppose 5*x - 16 = d. Let c = x + -24. Calculate the highest common divisor of 242 and c.
22
Let c = -34 + 59. What is the highest common factor of c and 275?
25
Suppose -2*j + 3*h + 75 = 0, -4*j + 9*j + 2*h = 235. Suppose 2*x = -x - j. Let b = x + 28. What is the greatest common divisor of 65 and b?
13
Suppose 2*m - 2 = -2*w + 20, 3*m - 13 = -w. Let l = -18 + 98. Calculate the greatest common factor of w and l.
10
Let s = -26 + 29. Calculate the highest common divisor of s and 12.
3
Suppose 280 = 4*n - 0*o + 4*o, -62 = -n + o. Calculate the greatest common factor of 6 and n.
6
Let i(y) = 1 + 6*y**3 - 15*y + 0 + 13*y. Let k be i(1). What is the highest common factor of 10 and k?
5
Suppose -3*t = a - 0*a - 10, 3*t + 2*a = 11. Suppose -v + t = 2*v. Calculate the highest common divisor of v and 1.
1
Let y = -12 - -15. Let x be y/9 - (-1184)/12. What is the greatest common divisor of 9 and x?
9
Let d(i) = 4*i**2 - 3*i + 10. Let h be d(8). What is the highest common divisor of h and 22?
22
Suppose -175 = 2*y - 9*y. What is the greatest common factor of y and 10?
5
Suppose 0*m + 4 = 4*m. Let g(s) = -12*s**3 - 2*s + 1. Let c be g(m). Let j = -4 - c. Calculate the greatest common factor of 27 and j.
9
Suppose -12*h + 55 = -7*h. Calculate the greatest common factor of 99 and h.
11
Suppose 5*z - 12 - 3 = 0. Let p(q) = 2*q - 4. Let a be p(4). Let l = 7 - a. Calculate the highest common divisor of z and l.
3
Let g(x) = -6*x - 11. Let o be g(-6). What is the highest common factor of 50 and o?
25
Let w = -1 - 2. Let r = w + 15. What is the highest common factor of r and 36?
12
Let z be (138/8)/(2/8). Suppose 0 = -a - 2*a + z. Suppose -r - 7 = -a. Calculate the highest common divisor of r and 2.
2
Suppose -2*r - 117 = 267. Let d be (2/(-3))/(1/r). Let f be 32/2*(0 + 1). Calculate the highest common divisor of f and d.
16
Let j = 96 + -56. What is the highest common divisor of j and 10?
10
Let k = 1 + -2. Let x = k + 1. Suppose c + 4*f - 3*f - 2 = 0, x = -3*c - 4*f + 5. Calculate the highest common factor of 3 and c.
3
Let x(u) = -2*u - 1. Let j be x(-6). Let d be 5 + -1 + 3 + j. Calculate the greatest common divisor of 45 and d.
9
Let t(d) = d**3 - 2*d**2 - d - 1. Let m be t(3). Suppose -a + m*b + 71 = 0, 2*a - 133 = -a - 5*b. Calculate the greatest common divisor of 34 and a.
17
Suppose 3*d + d + 16 = 0. Let z be ((1 - d) + 0)*1. Calculate the highest common factor of 40 and z.
5
Let i = 246 - 156. Suppose -5*y - 4*h - i = -323, 3*y - 144 = -h. Suppose 68 = 3*t - y. What is the highest common factor of 13 and t?
13
Suppose -5*s + 3*s - 18 = 0. Let d be (-83)/s + 8/(-36). What is the highest common factor of 54 and d?
9
Let h be (330/(-8))/(2/(-8)). Suppose 0*k - h = -3*k. What is the greatest common divisor of k and 5?
5
Let v(j) be the second derivative of 2/3*j**4 + 